998c?
-9984
In base 10, what is 4 + -267126?
-267122
In base 8, what is -473701 + 3?
-473676
In base 9, what is -57 + 4645?
4577
In base 8, what is 4 - -557?
563
In base 2, what is 1001110110001 - -10010?
1001111000011
In base 14, what is 64 + 1b67?
1bcb
In base 5, what is 3 + 143414?
143422
In base 4, what is 110013233 - 2?
110013231
In base 10, what is 4 + -565?
-561
In base 4, what is 1 + -2132023?
-2132022
In base 5, what is 333211 - 10?
333201
In base 14, what is -118d + -106?
-1295
In base 16, what is -5 + -42f3?
-42f8
In base 7, what is 3500614 + 5?
3500622
In base 9, what is 3 - -3728?
3732
In base 14, what is -628 - a56?
-1280
In base 14, what is 147b - -14?
1491
In base 16, what is -3d029f + 3?
-3d029c
In base 6, what is 25 + 104025?
104054
In base 5, what is -1302 + 323?
-424
In base 5, what is -233441 + 1334?
-232102
In base 5, what is 413244323 + 1?
413244324
In base 8, what is 5 + 1330252?
1330257
In base 11, what is -25 + 82?
58
In base 11, what is -21a + -5a?
-279
In base 13, what is -59 - b8b?
-c17
In base 2, what is -1001000111010 + 111?
-1001000110011
In base 9, what is -24418 + 70?
-24338
In base 6, what is -31543 + -130?
-32113
In base 14, what is 12c0 + 21?
1301
In base 16, what is a86 + a5?
b2b
In base 9, what is -41 + -44782?
-44833
In base 9, what is -1 - 6825?
-6826
In base 8, what is -7703 - 6?
-7711
In base 8, what is -17457174 + 0?
-17457174
In base 13, what is 248 + -1b?
22a
In base 9, what is -2147 + 114?
-2033
In base 2, what is -1 - 11010100000111?
-11010100001000
In base 9, what is 156 + -1008?
-742
In base 12, what is a35 + 86?
abb
In base 10, what is -164 - -3531?
3367
In base 4, what is 33030211 + 211?
33031022
In base 10, what is 8002 - -7?
8009
In base 5, what is -200020300 - 1?
-200020301
In base 15, what is -756 + -26?
-77c
In base 5, what is 1 + 1334441?
1334442
In base 16, what is -1 + 87dd?
87dc
In base 5, what is 142133 + 402?
143040
In base 4, what is -12331 - 1311?
-20302
In base 16, what is 10f30 - 5?
10f2b
In base 14, what is -5392 + 15?
-537b
In base 16, what is 69176 + -4?
69172
In base 3, what is 2011100 + 11?
2011111
In base 4, what is 10013 - 1223?
2130
In base 14, what is -25c1 - 2?
-25c3
In base 13, what is -23b - -a00?
792
In base 6, what is 4 + -42131444?
-42131440
In base 9, what is -2247 + -1?
-2248
In base 7, what is 1402424 + -1?
1402423
In base 6, what is 2 - -24315235?
24315241
In base 12, what is -4 - -10785?
10781
In base 12, what is 76 - -499?
553
In base 3, what is 1012201102102 - 10?
1012201102022
In base 13, what is 1 - 1733b?
-1733a
In base 13, what is -5bc27 - 3?
-5bc2a
In base 4, what is 113222 + -21031?
32131
In base 5, what is 11 - 1033312?
-1033301
In base 8, what is 5 - -235236?
235243
In base 6, what is 101052432 + 4?
101052440
In base 16, what is -19 - 1a6?
-1bf
In base 6, what is -2105323 - -121?
-2105202
In base 5, what is 101 - 1230?
-1124
In base 3, what is -11100002 + -20?
-11100022
In base 10, what is 0 - 58584?
-58584
In base 12, what is -2a0 - 257?
-537
In base 9, what is -113 + 5122?
5008
In base 10, what is -2527 - -114?
-2413
In base 12, what is 91a2 - -a5?
9287
In base 2, what is -1 + 11110110?
11110101
In base 9, what is -15 + -3253?
-3268
In base 10, what is 382 + -421?
-39
In base 2, what is -10001010101010010 + 10?
-10001010101010000
In base 6, what is 2 - 44254?
-44252
In base 11, what is 0 - 285232?
-285232
In base 10, what is -8796 + 0?
-8796
In base 14, what is 7 + 24ab6?
24abd
In base 12, what is 13 + 2519a?
251b1
In base 11, what is -1a9724 + -4?
-1a9728
In base 9, what is 2 - -22031?
22033
In base 16, what is -19a2 + 8e?
-1914
In base 9, what is 201 - 50517?
-50316
In base 15, what is -10 - -4b184?
4b174
In base 3, what is -10 + 12212122200?
12212122120
In base 14, what is 4529d + 1?
452a0
In base 15, what is -91a4 + -6?
-91aa
In base 2, what is 1100110001110010000 + 101?
1100110001110010101
In base 10, what is 17 - 725?
-708
In base 4, what is 311003 + 101?
311110
In base 13, what is 23a34 + 8?
23a3c
In base 15, what is -20a7 - 345?
-23ec
In base 8, what is 0 + 31566?
31566
In base 3, what is -22112 + 1012?
-21100
In base 5, what is 133114103 + 3?
133114111
In base 10, what is -215 - -41?
-174
In base 15, what is -8 + -21c?
-225
In base 5, what is -12344323 - 0?
-12344323
In base 12, what is 3083 - -255?
3318
In base 16, what is -25 - -5937?
5912
In base 10, what is -92 - -2870?
2778
In base 4, what is 33220 - 1002?
32212
In base 16, what is -3246 + -1?
-3247
In base 3, what is -1002021022 + 0?
-1002021022
In base 12, what is -62b0 + -3?
-62b3
In base 5, what is -12312 - 21?
-12333
In base 8, what is 0 - 326203?
-326203
In base 13, what is 84 - 14?
70
In base 3, what is -102001 + -2122?
-111200
In base 7, what is -2 - 363644?
-363646
In base 11, what is -42 - 7659?
-76a0
In base 5, what is 44112 + 20?
44132
In base 3, what is 20100212 + 12?
20101001
In base 15, what is -5 + -6ea8?
-6ead
In base 16, what is -b964 - -3?
-b961
In base 13, what is -8 + 15749?
15741
In base 16, what is -bb + 776?
6bb
In base 15, what is -1213 - -99?
-1169
In base 2, what is 100 - -11000001111000001010?
11000001111000001110
In base 7, what is -6 - 3424?
-3433
In base 10, what is 1 + 25089?
25090
In base 3, what is -1021220 - 1111120?
-2210110
In base 9, what is 815465 + -4?
815461
In base 2, what is 1001100110 - 10101010111?
-1011110001
In base 11, what is -117 - 9?
-125
In base 7, what is -2565 - -501?
-2064
In base 4, what is -1213130 - 122?
-1213312
In base 2, what is 100001 - -1001101?
1101110
In base 9, what is -3 + 2037?
2034
In base 15, what is 9d + -7a3?
-705
In base 9, what is 8 - -732?
741
In base 2, what is -101001011 + -100111?
-101110010
In base 11, what is -3 + -446333?
-446336
In base 2, what is -100011001100100 + 1101?
-100011001010111
In base 15, what is -1591 - b?
-159c
In base 3, what is 1012 - 2110220?
-2102201
In base 7, what is 3300 - 231?
3036
In base 10, what is 15 + 253641?
253656
In base 10, what is 55742 + 0?
55742
In base 15, what is 8ea - -52?
94c
In base 11, what is 9 + 92846?
92854
In base 7, what is 4 + 321214?
321221
In base 3, what is -2102 - -2000?
-102
In base 14, what is -a8462 + 5?
-a845b
In base 11, what is -216a + 0?
-216a
In base 16, what is 17 - -16277?
1628e
In base 8, what is 21 + 2065?
2106
In base 7, what is -6 - 10455?
-10464
In base 16, what is 25 + 264?
289
In base 3, what is -1221 - 20110201?
-20112122
In base 15, what is 381 - -101?
482
In base 15, what is 1 - 14a2b6?
-14a2b5
In base 11, what is -676835 + 1?
-676834
In base 2, what is -11001010 + 1101100011?
1010011001
In base 6, what is 410 - -3334?
4144
In base 5, what is 12 - -11233?
11300
In base 9, what is 4 + 66025?
66030
In base 9, what is -203 + 784?
581
In base 10, what is -2234832 + -1?
-2234833
In base 4, what is 10 - -23302122?
23302132
In base 13, what is ac2 - -4?
ac6
In base 11, what is 389a993 + 2?
389a995
In base 8, what is 73 + -5770?
-5675
In base 9, what is -3 + -70367?
-70371
In base 9, what is -17 + 624?
606
In base 3, what is -120102210 - 10?
-120102220
In base 16, what is -a97 + -12?
-aa9
In base 15, what is -488 - -608?
170
In base 16, what is -2a5ac - -7?
-2a5a5
In base 16, what is 511 + fa?
60b
In base 2, what is -10000100111000 - 11100?
-10000101010100
In base 4, what is 1303320 - -233?
1310213
In base 13, what is -1a0cb8 - 1?
-1a0cb9
In base 14, what is -8 + 88cb?
88c3
In base 14, what is -30065 - 2?
-30067
In base 7, what is 0 + 106545?
106545
In base 6, what is 113 - -52054?
52211
In base 8, what is 34 + 45?
101
In base 4, what is -13 - 13000320?
-13000333
In base 3, what is -220201 + -22202?
-1020110
In base 11, what is -19384 + 5?
-1937a
In base 13, what is 7550 - -46?
7596
In base 12, what is -8761 + 1?
-8760
In base 11, what is 38 + -2085?
-2048
In base 7, what is -264013 + 4?
-264006
In base 9, what is -6057 + 226?
-5731
In base 13, what is 26 + 397b4?
3980a
In base 16, what is 22928 + 11?
22939
In base 8, what is -325 - 650?
-1175
In base 7, what is 1011 + -1052?
-41
In base 11, what is -135 + 1534?
13aa
In base 8, what is 13 + 204463?
204476
In base 6, what is 1210 + 13150?
14400
In base 11, what is -640 - 3130?
-3770
In base 16, what is -dc2 + -7?
-dc9
In base 10, what is -130005 + 9?
-129996
In base 15, what is 61b - 68a